{"id":1231,"date":"2020-12-12T14:44:50","date_gmt":"2020-12-12T14:44:50","guid":{"rendered":"http:\/\/ahfnoticias.com\/?page_id=1231"},"modified":"2020-12-12T15:18:09","modified_gmt":"2020-12-12T15:18:09","slug":"clinica-taller-comunicacion-asertiva-gestion-del-cambio-personal-empresarial-covid-poscovid","status":"publish","type":"page","link":"https:\/\/ahfnoticias.com\/?page_id=1231","title":{"rendered":"Cl\u00ednica-taller de Comunicaci\u00f3n asertiva y gesti\u00f3n del cambio personal y empresarial en el covid y en el poscovid."},"content":{"rendered":"<p style=\"text-align: center\"><img loading=\"lazy\" decoding=\"async\" class=\"aligncenter wp-image-1235\" src=\"https:\/\/ahfnoticias.com\/wp-content\/uploads\/2020\/12\/cartilla-1.jpg\" alt=\"\" width=\"450\" height=\"590\" srcset=\"https:\/\/ahfnoticias.com\/wp-content\/uploads\/2020\/12\/cartilla-1.jpg 2514w, https:\/\/ahfnoticias.com\/wp-content\/uploads\/2020\/12\/cartilla-1-229x300.jpg 229w, https:\/\/ahfnoticias.com\/wp-content\/uploads\/2020\/12\/cartilla-1-768x1007.jpg 768w, https:\/\/ahfnoticias.com\/wp-content\/uploads\/2020\/12\/cartilla-1-781x1024.jpg 781w, https:\/\/ahfnoticias.com\/wp-content\/uploads\/2020\/12\/cartilla-1-600x787.jpg 600w\" sizes=\"auto, (max-width: 450px) 100vw, 450px\" \/><\/p>\n<p style=\"text-align: center\"><b><span lang=\"ES-CO\">Objetivo<\/span><\/b><span lang=\"ES-CO\">\u00a0<\/span><span lang=\"ES-CO\">\u00a0<\/span><\/p>\n<p style=\"text-align: center\"><span lang=\"ES-CO\">Brindar herramientas a los participantes para ayudar a apoyar el bienestar mental y general,\u00a0que permitan el fortalecimiento de competencias de inteligencia individual y colectiva de tal forma que se adapten y enfrenten las afectaciones generadas por la pandemia de COVID-19 de manera resiliente y que permita fortalecer su gesti\u00f3n y resultados.\u00a0<\/span><span lang=\"ES-CO\">\u00a0<\/span><\/p>\n<p><b><span lang=\"ES-CO\">\u00a0<\/span><\/b><span lang=\"ES-CO\">\u00a0<\/span><\/p>\n<p style=\"text-align: center\"><b><span lang=\"ES-CO\">Alcances\u00a0<\/span><\/b><span lang=\"ES-CO\">\u00a0<\/span><\/p>\n<p style=\"text-align: center\"><span lang=\"ES-CO\">Lograr una sensibilizaci\u00f3n, motivaci\u00f3n, capacitaci\u00f3n, entrenamiento e integraci\u00f3n entre los\u00a0\u00a0<\/span><span lang=\"ES-CO\">servidores, que les permita empoderamiento para hacerle frente a un inesperado y trascendental cambio de vida que hace necesario unos grandes ajustes para sacar adelante una gesti\u00f3n que permita atender de la mejor manera al cliente externo.\u00a0<\/span><\/p>\n<p><span lang=\"ES-CO\">\u00a0<\/span><span lang=\"ES-CO\">\u00a0<\/span><\/p>\n<p style=\"text-align: center\"><b><span lang=\"ES-CO\">Metodolog\u00eda\u00a0<\/span><\/b><span lang=\"ES-CO\">\u00a0<\/span><\/p>\n<p style=\"text-align: center\"><span lang=\"ES-CO\">Estas metas exigen despertar en el capital humano unas capacidades f\u00edsicas, mentales e intelectuales amplias y suficientes que logren fortalecer e integrar los equipos primarios y toda la organizaci\u00f3n para volcarse sobre el servicio a los usuarios. Alcanzar esto es dif\u00edcil con capacitaciones tradicionales acad\u00e9micas. Proponemos una din\u00e1mica de choque r\u00e1pida, que primero atraiga a los servidores, y segundo que les entregue habilidades, competencias y destrezas muy pr\u00e1cticas para actuar. Esta propuesta se enfoca b\u00e1sicamente en el aspecto del relacionamiento y una nueva arquitectura comunicacional. \u00a0<\/span><span lang=\"ES-CO\">\u00a0<\/span><\/p>\n<p style=\"text-align: center\"><b><span lang=\"ES-CO\">Contenidos\u00a0<\/span><\/b><span lang=\"ES-CO\">\u00a0<\/span><\/p>\n<p style=\"text-align: center\"><span lang=\"ES-CO\">La distribuci\u00f3n de los temas se har\u00e1 repartida en tres ejes, as\u00ed:\u00a0 \u00a0 \u00a0 \u00a0\u00a0<\/span><span lang=\"ES-CO\">\u00a0<\/span><\/p>\n<p><b><span lang=\"ES-CO\">1)<\/span><\/b><b><span lang=\"ES-CO\">\u00a0\u00a0\u00a0\u00a0\u00a0<\/span><\/b><b><span lang=\"ES-CO\">Regulaci\u00f3n emocional:\u00a0<\/span><\/b><span lang=\"ES-CO\"><br \/>\n<\/span><span lang=\"ES-CO\">&#8211; \u00bfQu\u00e9 fue lo que pas\u00f3? Hacer una catarsis. El antes, el hoy y el ma\u00f1ana.\u00a0\u00a0<\/span><span lang=\"ES-CO\"><br \/>\n<\/span><span lang=\"ES-CO\">&#8211; C\u00f3mo manejar y superar, miedos, depresi\u00f3n y estr\u00e9s.\u00a0<\/span><span lang=\"ES-CO\"><br \/>\n<\/span><span lang=\"ES-CO\">&#8211; Manejo del chisme y el rumor (radio pasillo).\u00a0\u00a0<\/span><span lang=\"ES-CO\">\u00a0<\/span><\/p>\n<p><span lang=\"ES-CO\">C\u00f3mo voy a tratar a mis compa\u00f1eros (saludo, reencuentro, distanciamiento, respeto, protocolos, comportamiento en ascensores, escaleras, oficinas, cub\u00edculos, ba\u00f1os, cocinas, cafeter\u00edas, veh\u00edculos, tel\u00e9fonos, puertas, visitas, atenci\u00f3n al p\u00fablico, computador, puesto de trabajo y otros).\u00a0\u00a0<\/span><span lang=\"ES-CO\">\u00a0<\/span><\/p>\n<p><span lang=\"ES-CO\">El relacionamiento con otras audiencias.\u00a0<\/span><span lang=\"ES-CO\">\u00a0<\/span><\/p>\n<p><b><span lang=\"ES-CO\">2)<\/span><\/b><b><span lang=\"ES-CO\">\u00a0\u00a0\u00a0\u00a0\u00a0<\/span><\/b><b><span lang=\"ES-CO\">Gesti\u00f3n del Cambio-Proyecto de Vida<\/span><\/b><b><span lang=\"ES-CO\">\u00a0\u00a0<\/span><\/b><span lang=\"ES-CO\">\u00a0<\/span><\/p>\n<p><span lang=\"ES-CO\">El trabajo presencial, semipresencial, teletrabajo y c\u00f3mo atender y hacer m\u00e1s efectiva una comunicaci\u00f3n virtual (video llamada, webinar, etc.). La actitud verbal y corporal, cambi\u00f3. C\u00f3mo aprovechar mejor la tecnolog\u00eda y sacarles mayor rendimiento a las herramientas disponibles.\u00a0\u00a0<\/span><span lang=\"ES-CO\">\u00a0<\/span><\/p>\n<p><span lang=\"ES-CO\">Tips para hablar y escribir mejor (correos, mensajes de texto, mensajes de voz, informes, trinos, redes sociales, portales, etc.)\u00a0\u00a0<\/span><span lang=\"ES-CO\">\u00a0<\/span><\/p>\n<p><b><span lang=\"ES-CO\">3)<\/span><\/b><b><span lang=\"ES-CO\">\u00a0\u00a0\u00a0\u00a0\u00a0<\/span><\/b><b><span lang=\"ES-CO\">Trabajo en equipo\u00a0<\/span><\/b><\/p>\n<p><span lang=\"ES-CO\">&#8211;\u00a0 An\u00e1lisis de informaci\u00f3n y manejo de situaciones dif\u00edciles.\u00a0\u00a0<\/span><span lang=\"ES-CO\"><br \/>\n<\/span><span lang=\"ES-CO\">&#8211; La imagen personal e institucional.\u00a0\u00a0<\/span><span lang=\"ES-CO\"><br \/>\n<\/span><span lang=\"ES-CO\">&#8211; Manejo del tiempo y trabajo bajo presi\u00f3n.\u00a0\u00a0<\/span><\/p>\n<p><span lang=\"ES-CO\">\u00a0<\/span><b><span lang=\"ES-CO\">Tiempos y grupos\u00a0<\/span><\/b><\/p>\n<p><span lang=\"ES-CO\">Este ambicioso programas se desarrollar\u00eda inicialmente en jornadas de 4 horas y grupos de 10 a 20 personas, preferiblemente organizadas por grupos primarios afines.\u00a0<\/span><span lang=\"ES-CO\">\u00a0<\/span><\/p>\n<p><span lang=\"ES-CO\">En cada sesi\u00f3n se har\u00e1 una corta introducci\u00f3n con explicaci\u00f3n de una agenda (15 minutos), luego se ir\u00e1 al tratamiento te\u00f3rico de los temas de fondo en un conversatorio con preguntas de los asistentes (45 minutos) para enseguida organizar subgrupos de trabajo (30 minutos), una plenaria (15 minutos, y un descanso de 15 minutos); despu\u00e9s una segunda presentaci\u00f3n te\u00f3rica acompa\u00f1ada de videos y con preguntas (45 minutos), enseguida ejercicios pr\u00e1cticos individuales (45 minutos) y retroalimentaci\u00f3n (15 minutos). Finalmente, unas conclusiones y cierre (15 minutos).\u00a0<\/span><span lang=\"ES-CO\">\u00a0<\/span><\/p>\n<h3 style=\"text-align: center\"><b><span lang=\"ES-CO\">Inversi\u00f3n y valor\u00a0<\/span><\/b><span lang=\"ES-CO\">\u00a0<\/span><\/h3>\n<h4 style=\"text-align: center\"><span lang=\"ES-CO\">Cada sesi\u00f3n (4 horas) de cada grupo definido tendr\u00eda un valor de:<br \/>\n<span style=\"color: #ff0000\"><strong>$950.000 COP, sin impuestos.\u00a0<\/strong><\/span><\/span><\/h4>\n<p style=\"text-align: center\"><span lang=\"ES-CO\">La instrucci\u00f3n ser\u00eda virtual, semipresencial y presencial.<br \/>\nLa entidad aportar\u00eda la tecnolog\u00eda.\u00a0<\/span><span lang=\"ES-CO\"><br \/>\n<\/span><span lang=\"ES-CO\">El equipo de capacitaci\u00f3n lo integran un comunicador y una sic\u00f3loga.<\/span><\/p>\n<p style=\"text-align: center\"><strong>Cont\u00e1ctenos para m\u00e1s informaci\u00f3n del Taller\u00a0<\/strong><br \/>\n\n<div class=\"wpcf7 no-js\" id=\"wpcf7-f1017-o1\" lang=\"es-ES\" dir=\"ltr\" data-wpcf7-id=\"1017\">\n<div class=\"screen-reader-response\"><p role=\"status\" aria-live=\"polite\" aria-atomic=\"true\"><\/p> <ul><\/ul><\/div>\n<form action=\"\/index.php?rest_route=%2Fwp%2Fv2%2Fpages%2F1231#wpcf7-f1017-o1\" method=\"post\" class=\"wpcf7-form init\" aria-label=\"Formulario de contacto\" novalidate=\"novalidate\" data-status=\"init\">\n<fieldset class=\"hidden-fields-container\"><input type=\"hidden\" name=\"_wpcf7\" value=\"1017\" \/><input type=\"hidden\" name=\"_wpcf7_version\" value=\"6.1.5\" \/><input type=\"hidden\" name=\"_wpcf7_locale\" value=\"es_ES\" \/><input type=\"hidden\" name=\"_wpcf7_unit_tag\" value=\"wpcf7-f1017-o1\" \/><input type=\"hidden\" name=\"_wpcf7_container_post\" value=\"0\" \/><input type=\"hidden\" name=\"_wpcf7_posted_data_hash\" value=\"\" \/>\n<\/fieldset>\n<p>Nombre completo (requerido)\n<\/p>\n<p><span class=\"wpcf7-form-control-wrap\" data-name=\"your-name\"><input size=\"40\" maxlength=\"400\" class=\"wpcf7-form-control wpcf7-text wpcf7-validates-as-required\" aria-required=\"true\" aria-invalid=\"false\" value=\"\" type=\"text\" name=\"your-name\" \/><\/span>\n<\/p>\n<p>Correo electr\u00f3nico (requerido)\n<\/p>\n<p><span class=\"wpcf7-form-control-wrap\" data-name=\"your-email\"><input size=\"40\" maxlength=\"400\" class=\"wpcf7-form-control wpcf7-email wpcf7-validates-as-required wpcf7-text wpcf7-validates-as-email\" aria-required=\"true\" aria-invalid=\"false\" value=\"\" type=\"email\" name=\"your-email\" \/><\/span>\n<\/p>\n<p>Tel\u00e9fono (requerido)\n<\/p>\n<p><span class=\"wpcf7-form-control-wrap\" data-name=\"your-subject\"><input size=\"40\" maxlength=\"400\" class=\"wpcf7-form-control wpcf7-text\" aria-invalid=\"false\" value=\"\" type=\"text\" name=\"your-subject\" \/><\/span>\n<\/p>\n<p>Direcci\u00f3n (requerido)\n<\/p>\n<p><span class=\"wpcf7-form-control-wrap\" data-name=\"your-subject\"><input size=\"40\" maxlength=\"400\" class=\"wpcf7-form-control wpcf7-text\" aria-invalid=\"false\" value=\"\" type=\"text\" name=\"your-subject\" \/><\/span>\n<\/p>\n<p>Mensaje\n<\/p>\n<p><span class=\"wpcf7-form-control-wrap\" data-name=\"your-message\"><textarea cols=\"40\" rows=\"10\" maxlength=\"2000\" class=\"wpcf7-form-control wpcf7-textarea\" aria-invalid=\"false\" name=\"your-message\"><\/textarea><\/span>\n<\/p>\n<p><input class=\"wpcf7-form-control wpcf7-submit has-spinner\" type=\"submit\" value=\"Enviar\" \/>\n<\/p><div class=\"wpcf7-response-output\" aria-hidden=\"true\"><\/div>\n<\/form>\n<\/div>\n<\/p>\n","protected":false},"excerpt":{"rendered":"<p>Objetivo\u00a0\u00a0 Brindar herramientas a los participantes para ayudar a apoyar el bienestar mental y general,\u00a0que permitan el fortalecimiento de competencias de inteligencia individual y colectiva de tal forma que se adapten y enfrenten las afectaciones generadas por la pandemia de COVID-19 de manera resiliente y que permita fortalecer su gesti\u00f3n y resultados.\u00a0\u00a0 \u00a0\u00a0 Alcances\u00a0\u00a0 Lograr [&hellip;]<\/p>\n","protected":false},"author":1,"featured_media":0,"parent":0,"menu_order":0,"comment_status":"closed","ping_status":"closed","template":"","meta":{"footnotes":""},"class_list":["post-1231","page","type-page","status-publish","hentry"],"yoast_head":"<!-- This site is optimized with the Yoast SEO plugin v27.1.1 - https:\/\/yoast.com\/product\/yoast-seo-wordpress\/ -->\n<title>Cl\u00ednica-taller de Comunicaci\u00f3n asertiva y gesti\u00f3n del cambio personal y empresarial en el covid y en el poscovid. - AHF Noticias<\/title>\n<meta name=\"robots\" content=\"noindex, follow, max-snippet:-1, max-image-preview:large, max-video-preview:-1\" \/>\n<meta property=\"og:locale\" content=\"es_ES\" \/>\n<meta property=\"og:type\" content=\"article\" \/>\n<meta property=\"og:title\" content=\"Cl\u00ednica-taller de Comunicaci\u00f3n asertiva y gesti\u00f3n del cambio personal y empresarial en el covid y en el poscovid. - AHF Noticias\" \/>\n<meta property=\"og:description\" content=\"Objetivo\u00a0\u00a0 Brindar herramientas a los participantes para ayudar a apoyar el bienestar mental y general,\u00a0que permitan el fortalecimiento de competencias de inteligencia individual y colectiva de tal forma que se adapten y enfrenten las afectaciones generadas por la pandemia de COVID-19 de manera resiliente y que permita fortalecer su gesti\u00f3n y resultados.\u00a0\u00a0 \u00a0\u00a0 Alcances\u00a0\u00a0 Lograr [&hellip;]\" \/>\n<meta property=\"og:url\" content=\"https:\/\/ahfnoticias.com\/?page_id=1231\" \/>\n<meta property=\"og:site_name\" content=\"AHF Noticias\" \/>\n<meta property=\"article:modified_time\" content=\"2020-12-12T15:18:09+00:00\" \/>\n<meta property=\"og:image\" content=\"https:\/\/ahfnoticias.com\/wp-content\/uploads\/2020\/12\/cartilla-1.jpg\" \/>\n<meta name=\"twitter:card\" content=\"summary_large_image\" \/>\n<meta name=\"twitter:label1\" content=\"Tiempo de lectura\" \/>\n\t<meta name=\"twitter:data1\" content=\"3 minutos\" \/>\n<script type=\"application\/ld+json\" class=\"yoast-schema-graph\">{\"@context\":\"https:\/\/schema.org\",\"@graph\":[{\"@type\":\"WebPage\",\"@id\":\"https:\/\/ahfnoticias.com\/?page_id=1231\",\"url\":\"https:\/\/ahfnoticias.com\/?page_id=1231\",\"name\":\"Cl\u00ednica-taller de Comunicaci\u00f3n asertiva y gesti\u00f3n del cambio personal y empresarial en el covid y en el poscovid. - AHF Noticias\",\"isPartOf\":{\"@id\":\"https:\/\/ahfnoticias.com\/#website\"},\"primaryImageOfPage\":{\"@id\":\"https:\/\/ahfnoticias.com\/?page_id=1231#primaryimage\"},\"image\":{\"@id\":\"https:\/\/ahfnoticias.com\/?page_id=1231#primaryimage\"},\"thumbnailUrl\":\"https:\/\/ahfnoticias.com\/wp-content\/uploads\/2020\/12\/cartilla-1.jpg\",\"datePublished\":\"2020-12-12T14:44:50+00:00\",\"dateModified\":\"2020-12-12T15:18:09+00:00\",\"breadcrumb\":{\"@id\":\"https:\/\/ahfnoticias.com\/?page_id=1231#breadcrumb\"},\"inLanguage\":\"es\",\"potentialAction\":[{\"@type\":\"ReadAction\",\"target\":[\"https:\/\/ahfnoticias.com\/?page_id=1231\"]}]},{\"@type\":\"ImageObject\",\"inLanguage\":\"es\",\"@id\":\"https:\/\/ahfnoticias.com\/?page_id=1231#primaryimage\",\"url\":\"https:\/\/ahfnoticias.com\/wp-content\/uploads\/2020\/12\/cartilla-1.jpg\",\"contentUrl\":\"https:\/\/ahfnoticias.com\/wp-content\/uploads\/2020\/12\/cartilla-1.jpg\",\"width\":2514,\"height\":3297},{\"@type\":\"BreadcrumbList\",\"@id\":\"https:\/\/ahfnoticias.com\/?page_id=1231#breadcrumb\",\"itemListElement\":[{\"@type\":\"ListItem\",\"position\":1,\"name\":\"Portada\",\"item\":\"https:\/\/ahfnoticias.com\/\"},{\"@type\":\"ListItem\",\"position\":2,\"name\":\"Cl\u00ednica-taller de Comunicaci\u00f3n asertiva y gesti\u00f3n del cambio personal y empresarial en el covid y en el poscovid.\"}]},{\"@type\":\"WebSite\",\"@id\":\"https:\/\/ahfnoticias.com\/#website\",\"url\":\"https:\/\/ahfnoticias.com\/\",\"name\":\"AHF Noticias\",\"description\":\"\",\"potentialAction\":[{\"@type\":\"SearchAction\",\"target\":{\"@type\":\"EntryPoint\",\"urlTemplate\":\"https:\/\/ahfnoticias.com\/?s={search_term_string}\"},\"query-input\":{\"@type\":\"PropertyValueSpecification\",\"valueRequired\":true,\"valueName\":\"search_term_string\"}}],\"inLanguage\":\"es\"}]}<\/script>\n<!-- \/ Yoast SEO plugin. -->","yoast_head_json":{"title":"Cl\u00ednica-taller de Comunicaci\u00f3n asertiva y gesti\u00f3n del cambio personal y empresarial en el covid y en el poscovid. - AHF Noticias","robots":{"index":"noindex","follow":"follow","max-snippet":"max-snippet:-1","max-image-preview":"max-image-preview:large","max-video-preview":"max-video-preview:-1"},"og_locale":"es_ES","og_type":"article","og_title":"Cl\u00ednica-taller de Comunicaci\u00f3n asertiva y gesti\u00f3n del cambio personal y empresarial en el covid y en el poscovid. - AHF Noticias","og_description":"Objetivo\u00a0\u00a0 Brindar herramientas a los participantes para ayudar a apoyar el bienestar mental y general,\u00a0que permitan el fortalecimiento de competencias de inteligencia individual y colectiva de tal forma que se adapten y enfrenten las afectaciones generadas por la pandemia de COVID-19 de manera resiliente y que permita fortalecer su gesti\u00f3n y resultados.\u00a0\u00a0 \u00a0\u00a0 Alcances\u00a0\u00a0 Lograr [&hellip;]","og_url":"https:\/\/ahfnoticias.com\/?page_id=1231","og_site_name":"AHF Noticias","article_modified_time":"2020-12-12T15:18:09+00:00","og_image":[{"url":"https:\/\/ahfnoticias.com\/wp-content\/uploads\/2020\/12\/cartilla-1.jpg","type":"","width":"","height":""}],"twitter_card":"summary_large_image","twitter_misc":{"Tiempo de lectura":"3 minutos"},"schema":{"@context":"https:\/\/schema.org","@graph":[{"@type":"WebPage","@id":"https:\/\/ahfnoticias.com\/?page_id=1231","url":"https:\/\/ahfnoticias.com\/?page_id=1231","name":"Cl\u00ednica-taller de Comunicaci\u00f3n asertiva y gesti\u00f3n del cambio personal y empresarial en el covid y en el poscovid. - AHF Noticias","isPartOf":{"@id":"https:\/\/ahfnoticias.com\/#website"},"primaryImageOfPage":{"@id":"https:\/\/ahfnoticias.com\/?page_id=1231#primaryimage"},"image":{"@id":"https:\/\/ahfnoticias.com\/?page_id=1231#primaryimage"},"thumbnailUrl":"https:\/\/ahfnoticias.com\/wp-content\/uploads\/2020\/12\/cartilla-1.jpg","datePublished":"2020-12-12T14:44:50+00:00","dateModified":"2020-12-12T15:18:09+00:00","breadcrumb":{"@id":"https:\/\/ahfnoticias.com\/?page_id=1231#breadcrumb"},"inLanguage":"es","potentialAction":[{"@type":"ReadAction","target":["https:\/\/ahfnoticias.com\/?page_id=1231"]}]},{"@type":"ImageObject","inLanguage":"es","@id":"https:\/\/ahfnoticias.com\/?page_id=1231#primaryimage","url":"https:\/\/ahfnoticias.com\/wp-content\/uploads\/2020\/12\/cartilla-1.jpg","contentUrl":"https:\/\/ahfnoticias.com\/wp-content\/uploads\/2020\/12\/cartilla-1.jpg","width":2514,"height":3297},{"@type":"BreadcrumbList","@id":"https:\/\/ahfnoticias.com\/?page_id=1231#breadcrumb","itemListElement":[{"@type":"ListItem","position":1,"name":"Portada","item":"https:\/\/ahfnoticias.com\/"},{"@type":"ListItem","position":2,"name":"Cl\u00ednica-taller de Comunicaci\u00f3n asertiva y gesti\u00f3n del cambio personal y empresarial en el covid y en el poscovid."}]},{"@type":"WebSite","@id":"https:\/\/ahfnoticias.com\/#website","url":"https:\/\/ahfnoticias.com\/","name":"AHF Noticias","description":"","potentialAction":[{"@type":"SearchAction","target":{"@type":"EntryPoint","urlTemplate":"https:\/\/ahfnoticias.com\/?s={search_term_string}"},"query-input":{"@type":"PropertyValueSpecification","valueRequired":true,"valueName":"search_term_string"}}],"inLanguage":"es"}]}},"_links":{"self":[{"href":"https:\/\/ahfnoticias.com\/index.php?rest_route=\/wp\/v2\/pages\/1231","targetHints":{"allow":["GET"]}}],"collection":[{"href":"https:\/\/ahfnoticias.com\/index.php?rest_route=\/wp\/v2\/pages"}],"about":[{"href":"https:\/\/ahfnoticias.com\/index.php?rest_route=\/wp\/v2\/types\/page"}],"author":[{"embeddable":true,"href":"https:\/\/ahfnoticias.com\/index.php?rest_route=\/wp\/v2\/users\/1"}],"replies":[{"embeddable":true,"href":"https:\/\/ahfnoticias.com\/index.php?rest_route=%2Fwp%2Fv2%2Fcomments&post=1231"}],"version-history":[{"count":0,"href":"https:\/\/ahfnoticias.com\/index.php?rest_route=\/wp\/v2\/pages\/1231\/revisions"}],"wp:attachment":[{"href":"https:\/\/ahfnoticias.com\/index.php?rest_route=%2Fwp%2Fv2%2Fmedia&parent=1231"}],"curies":[{"name":"wp","href":"https:\/\/api.w.org\/{rel}","templated":true}]}}